{"id":7,"date":"2014-10-04T14:48:19","date_gmt":"2014-10-04T14:48:19","guid":{"rendered":"http:\/\/hangar.mus.br\/site\/?page_id=7"},"modified":"2014-10-04T14:48:19","modified_gmt":"2014-10-04T14:48:19","slug":"biografia","status":"publish","type":"page","link":"https:\/\/hangar.mus.br\/website\/biografia\/","title":{"rendered":"Biografia"},"content":{"rendered":"<h1>Biografia<\/h1>\n<p>O Hangar foi formado em novembro de 1997, com o objetivo inicial de tocar alguns covers de bandas de que seus integrantes gostavam. Nessa \u00e9poca, o Hangar era composto por Michael Polchowicz (vocal), Cristiano Wortmann (guitarra), Felipe Trein (baixo) e Aquiles Priester (bateria). Ap\u00f3s v\u00e1rios ensaios, come\u00e7aram a aparecer as primeiras id\u00e9ias de composi\u00e7\u00e3o e a primeira m\u00fasica a ser escrita foi &#8220;Absinth&#8221;. O show de estr\u00e9ia do Hangar, no dia 23 de julho de 98, foi muito marcante para a banda, pois o p\u00fablico presente foi bem maior do que o esperado (o grupo havia anunciado em cartazes que tocaria covers de Stratovarius, Helloween, Dream Theater, Primal Fear, Yngwie Malmsteen e outros). A partir de ent\u00e3o, a banda sentiu que poderia tentar voos mais altos e come\u00e7ou a compor as m\u00fasicas que mais tarde fariam parte do seu primeiro CD.<\/p>\n<p>Com uma carreira fulminante, sendo logo descoberto pelos amantes do peso em Porto Alegre, o grupo com apenas um ano de vida j\u00e1 estava abrindo para o Angra, show no qual o Hangar contou com a participa\u00e7\u00e3o especial de Gustavo Capit\u00e2ni no baixo, j\u00e1 que Felipe havia deixado a banda por motivos particulares. Com essa oportunidade, o Hangar se firmou como a grande revela\u00e7\u00e3o do heavy metal sulista em 98. A partir desse show, a conseq\u00fc\u00eancia natural seria lan\u00e7ar o primeiro CD. Assim, a banda entrou em est\u00fadio ainda em novembro para a grava\u00e7\u00e3o do \u00e1lbum Last Time, que seria lan\u00e7ado em maio de 99. O atual baixista, Nando Mello, s\u00f3 ingressou no grupo ap\u00f3s a grava\u00e7\u00e3o do disco, que teve o contrabaixo gravado por Cristiano.<\/p>\n<p>Durante todo o ano de 1999, o CD Last Time foi divulgado nas principais revistas de heavy metal do pa\u00eds, sendo que todas as resenhas foram muito positivas e trouxeram resultados imediatos nas vendas do disco. O Hangar tocou em v\u00e1rias cidades do interior do Rio Grande do Sul e em outubro de 1999 fez um show no lend\u00e1rio e hoje extinto Black Jack Bar, em S\u00e3o Paulo. No final daquele ano, a banda sofreu nova altera\u00e7\u00e3o, com a sa\u00edda do guitarrista Cristiano Wortmann por diverg\u00eancias musicais. No seu lugar, ap\u00f3s v\u00e1rios testes com guitarristas da capital ga\u00facha, entrou Eduardo Martinez, vindo da extinta banda Panic, que durante a d\u00e9cada de 90 teve grande import\u00e2ncia no cen\u00e1rio thrash nacional.<\/p>\n<p>Logo em seguida, o baterista Aquiles Priester participou de v\u00e1rios shows do Tritone, projeto paralelo de Frank Solari, Eduardo Ardanuy (Dr. Sin) e S\u00e9rgio Buss (Steve Vai), e tamb\u00e9m foi convidado para gravar o disco Nomad, do ex-vocalista do Iron Maiden Paul Di&#8217;Anno. O \u00e1lbum foi lan\u00e7ado em maio de 2000, seguido de uma tour nacional cujo show de Porto Alegre contou com abertura do Hangar, num show que contou com grande receptividade do p\u00fablico.<\/p>\n<p>A maior novidade para a banda aconteceu em mar\u00e7o de 2001, quando Aquiles foi confirmado como novo baterista do Angra, maior representante do heavy metal mel\u00f3dico brasileiro. Aquiles gravou com a banda tr\u00eas discos de est\u00fadio, um EP e um \u00e1lbum ao vivo, al\u00e9m de ter participado de tr\u00eas v\u00e1rias mundiais e de participar de diversos programas de TV de grande audi\u00eancia no Brasil.<\/p>\n<p>No in\u00edcio de agosto de 2001, foi lan\u00e7ado o sucessor de Last Time: Inside Your Soul. O \u00e1lbum foi gravado em S\u00e3o Paulo, no Creative Sound Studio, e saiu pelas gravadoras Die Hard Records e Rock Brigade Records. As novidades deste disco est\u00e3o nos elementos sonoros que Eduardo Martinez trouxe para as novas composi\u00e7\u00f5es, al\u00e9m de a banda tamb\u00e9m incluir em sua m\u00fasica alguns arranjos de teclados compostos e executados pelo tecladista F\u00e1bio Laguna (Victoria). O disco conta, ainda, com uma trilogia musical intitulada The Massacre que fala do descobrimento e do processo de coloniza\u00e7\u00e3o do nosso pa\u00eds. Tudo isso acabou fazendo de Inside Your Soul um \u00e1lbum muito mais pesado, r\u00e1pido e bem trabalhado do que seu antecessor.<\/p>\n<p>Neste mesmo ano, o Hangar tamb\u00e9m participou do projeto Shakespeare&#8217;s Hamlet Project, do selo Die Hard, de S\u00e3o Paulo. O projeto reuniu algumas das principais bandas de heavy metal e hard rock do Brasil interpretando letras da famosa obra do dramaturgo ingl\u00eas em composi\u00e7\u00f5es in\u00e9ditas escritas pelos grupos participantes. A participa\u00e7\u00e3o do Hangar ocorreu com a faixa &#8220;Hidden By Shadows&#8221; e Michael Polchowicz ainda colaborou com vocais na oper\u00edstica &#8220;To Be&#8221;.<\/p>\n<p>Em fevereiro de 2002, F\u00e1bio Laguna se tornou integrante do Hangar. J\u00e1 em julho do mesmo ano, a banda se reuniu em Porto Alegre para compor e gravar a demo da m\u00fasica &#8220;Forever Will Be&#8221;. A banda n\u00e3o p\u00f4de dar seguimento \u00e0s novas composi\u00e7\u00f5es devido \u00e0 extensa turn\u00ea do Angra, que se prolongou por todo aquele ano.<\/p>\n<p>Em fevereiro de 2003, o Hangar apresentou-se pela segunda no BMU (Brasil Metal Union), contando com a participa\u00e7\u00e3o do vocalista do Angra, Edu Falaschi, na m\u00fasica &#8220;To Tame A Land&#8221;. No mesmo m\u00eas, a banda realizou turn\u00ea no Nordeste do Brasil, passando por sete das principais capitais da regi\u00e3o em shows que contaram com um n\u00famero expressivo de f\u00e3s. Na R\u00e1dio Cidade, de Recife, a m\u00fasica &#8220;To Tame A Land&#8221; conquistou o primeiro lugar em n\u00famero de execu\u00e7\u00f5es do ano de 2002, de acordo com a escolha da audi\u00eancia geral da r\u00e1dio, incluindo todos os estilos de m\u00fasica.<\/p>\n<p>Em julho de 2003, o Hangar foi convidado para participar de um tributo ao Journey. A m\u00fasica escolhida foi &#8220;Ask The Lonely&#8221; e teve participa\u00e7\u00e3o de Edu Falaschi nos backing vocals. O tributo nunca foi lan\u00e7ado, mas a m\u00fasica pode ser conferida numa perfomance ao vivo de Aquiles no DVD Inside My Drums.<\/p>\n<p>Ainda no segundo semestre de 2003, a banda come\u00e7ou a compor algumas m\u00fasicas que fariam parte do pr\u00f3ximo disco. No final do ano, Mello, Michael e Martinez registraram todo o material que havia sido composto at\u00e9 ent\u00e3o numa demo, somente com guitarra e voz. No in\u00edcio de 2004, foram criados os arranjos das novas m\u00fasicas e a banda gravou a primeira demo com o novo material<\/p>\n<p>Em janeiro de 2005, a banda finalizou os arranjos das seis m\u00fasicas que integrariam a nova demo, que seria apresentada para gravadoras de todo o mundo em busca de novos contratos mundiais. No primeiro semestre daquele ano, o vocalista Michael Polchowicz deixou a banda, uma vez que o direcionamento do novo material era completamente diferente de tudo que a banda j\u00e1 tinha feito e ambas as partes entraram num acordo que isso seria melhor para todos.<\/p>\n<p>Ap\u00f3s um novo per\u00edodo de recesso total, o Hangar passou por um longo per\u00edodo de audi\u00e7\u00f5es para a escolha de um novo vocalista. Ap\u00f3s exatamente um ano, durante o qual foram testados mais de vinte candidatos, Nando Fernandes foi escolhido para ser a nova voz do Hangar. Sua estreia ocorreu em outubro de 2006, na Expomusic, em S\u00e3o Paulo, ocasi\u00e3o em que participou de tr\u00eas show cases que foram marcados por muita energia.<\/p>\n<p>Paralelamente a tudo isso, a banda iniciou a grava\u00e7\u00e3o do seu novo disco, The Reason Of Your Conviction, no Mr. Som Studio, em S\u00e3o Paulo. As grava\u00e7\u00f5es ocorreram em diversas etapas durante todo o segundo semestre de 2006, sendo conclu\u00eddas em janeiro de 2007. Foram gravadas dez m\u00fasicas assinadas pela banda e um cover para a m\u00fasica &#8220;Breaking All The Rules&#8221;, do guitarrista americano Peter Frampton. O \u00e1lbum foi mixado e masterizado por Tommy Newton, no Area 51 Recording Studio, em Celle, na Alemanha. Tommy tem em seu curr\u00edculo trabalhos com bandas como Helloween, Conception, Ark, Elegy, UFO etc.<\/p>\n<p>Ap\u00f3s o lan\u00e7amento do \u00e1lbum, o Hangar iniciou em 2008 uma s\u00e9rie de shows pelo Brasil e pela Am\u00e9rica Latina, consolidando ainda mais seu nome. Por\u00e9m, no in\u00edcio de 2009, Nando Fernandes resolveu deixar a banda por motivos pessoais. Aquiles, Mello, Martinez e F\u00e1bio come\u00e7aram, ent\u00e3o, um intenso trabalho de testes com candidatos de todo o pa\u00eds. Foram mais de 150 interessados na vaga, sendo que 30 deles foram testados pela banda. Ao final desse trabalho, a escolha recaiu sobre Humberto Sobrinho, que ficou conhecido por seu trabalho \u00e0 frente da banda amazonense de heavy metal Glory Opera.<\/p>\n<p>Passando imediatamente \u00e0 pr\u00e1tica, a banda se recolheu em um s\u00edtio no munic\u00edpio paulista de Tatu\u00ed (onde est\u00e1 instalada uma das principais escolas de m\u00fasica do pa\u00eds e por isso mesmo \u00e9 considerada a capital da m\u00fasica do Brasil) para dar in\u00edcio \u00e0 produ\u00e7\u00e3o de seu quarto disco de est\u00fadio. Inicialmente, os m\u00fasicos se dedicaram \u00e0 composi\u00e7\u00e3o das dez m\u00fasicas que comporiam o novo disco (onze se contarmos a faixa exclusiva para o mercado japon\u00eas). Em seguida, l\u00e1 mesmo foram feitas a pr\u00e9-produ\u00e7\u00e3o e a grava\u00e7\u00e3o de guitarras, baixos, teclados e vocais atrav\u00e9s da unidade m\u00f3vel do est\u00fadio Daufembach, comandada pelo engenheiro de som Adair Daufembach. J\u00e1 as baterias foram registradas no est\u00fadio The Magic Place, em Florian\u00f3polis. Na sequ\u00eancia, Aquiles, que tamb\u00e9m assinava a produ\u00e7\u00e3o, viajou para a Alemanha para, junto com o produtor e t\u00e9cnico de som Tommy Newton, mixar e masterizar o disco no est\u00fadio Area 51, em Celle, na Alemanha. O disco foi lan\u00e7ado na Expomusic 2009, evento que re\u00fane toda a comunidade musical brasileira e que se realiza anualmente em S\u00e3o Paulo.<\/p>\n<p>Ap\u00f3s shows realizados em todo o pa\u00eds, o Hangar deu os primeiros passos no sentido de gravar seu primeiro disco ac\u00fastico, formato com que j\u00e1 vinha se apresentando em diversas ocasi\u00f5es. Por\u00e9m, antes do in\u00edcio dos trabalhos, o vocalista Humberto Sobrinho saiu da banda por quest\u00f5es pessoais. Para seu lugar foi chamado Andr\u00e9 Leite, que de cara teve a miss\u00e3o de gravar Acoustic, But Plugged In!, \u00e1lbum que re\u00fane quinze m\u00fasicas do Hangar no formato ac\u00fastico, sendo uma delas in\u00e9dita, &#8220;Haunted By Your Ghosts&#8221;.<\/p>\n<p>O \u00e1lbum foi produzido pelo baterista Aquiles Priester, coproduzido e mixado por Theo Vieira e masterizado por Heros Trench (Mr. Som).O CD &#8220;Acoustic&#8230;&#8221; foi um sucesso imediato e esgotou suas primeiras edi\u00e7\u00f5es em poucas semanas. O formato de viol\u00f5es e can\u00e7\u00f5es com releituras cadenciadas rendeu a grava\u00e7\u00e3o do DVD &#8221; Hangar &#8211; Haunted By Your Ghosts In Iju\u00ed &#8211; RS , Accoustic But Plugged In And Live &#8220;. Gravado no Teatro do SESC na cidade de Iju\u00ed no Rio Grande do Sul, o DVD registra as m\u00fasicas do CD lan\u00e7ado anteriormente e \u00e9 marcado pela grande participa\u00e7\u00e3o do p\u00fablico. Lan\u00e7ado em setembro de 2012 , o DVD foi recebido com entusiasmo por todos. Nesse mesmo m\u00eas a banda teve o privil\u00e9gio de participar do &#8220;Programa do J\u00f4&#8221; na TV Globo. Um dos mais conceituados programas de TV do pa\u00eds foi pautado pela apresenta\u00e7a\u00f5 da banda com a m\u00fasica &#8220;Solitary Mind&#8221; e uma entrevista reveladora com o baterista Aquiles Priester.<\/p>\n<p>O segundo semestre de 2012 chegou com a tour de 15 anos do Hangar , que visitou diversas cidades com a execu\u00e7\u00e3o de albuns inteiros nos shows e a participa\u00e7\u00e3o do nosso primeiro vocalista Michael Polchowicz e do guitarrista Cristiano Wortmann. Foram os primeiros shows tamb\u00e9m do vocalista Pedro Campos que nos ajudou nos shows comemorativos na interpreta\u00e7\u00e3o de m\u00fasicas da fase p\u00f3s Inside Your Soul. A tour foi um sucesso.<\/p>\n<p>O ano de 2013 chegou e a banda come\u00e7a a executar o projeto de lan\u00e7amento do seu CD comemorativo de 15 anos de carreira. Com o sucesso da tour de 15 anos o Hangar oficializa Pedro Campos como seu vocalista oficial e a volta do guitarrista Cristiano Wortmann, membro fundador da banda em 1997. Wortmann trouxe a segunda guitarra para a forma\u00e7\u00e3o da banda e toda sua vontade de reaver os anos passados junto a banda.<\/p>\n<p>Com a nova forma\u00e7\u00e3o encaixada, a banda partiu para a grava\u00e7\u00e3o de 6 m\u00fasicas , algumas in\u00e9ditas, outras releituras que irao fazer parte do CD &#8220;Hangar &#8211; The best of 15 Years, Based On A True Story&#8221; a ser lan\u00e7ado em novembro de 2014.<\/p>\n<p>Antonio Carlos Monteiro<\/p>\n","protected":false},"excerpt":{"rendered":"<p>Biografia O Hangar foi formado em novembro de 1997, com o objetivo inicial de tocar alguns covers de bandas de que seus integrantes gostavam. Nessa \u00e9poca, o Hangar era composto por Michael Polchowicz (vocal), Cristiano Wortmann (guitarra), Felipe Trein (baixo) e Aquiles Priester (bateria). Ap\u00f3s v\u00e1rios ensaios, come\u00e7aram a aparecer as primeiras id\u00e9ias de composi\u00e7\u00e3o [&hellip;]<\/p>\n","protected":false},"author":1,"featured_media":0,"parent":0,"menu_order":0,"comment_status":"open","ping_status":"open","template":"page-one-sidebar.php","meta":{"footnotes":""},"class_list":["post-7","page","type-page","status-publish","hentry"],"_links":{"self":[{"href":"https:\/\/hangar.mus.br\/website\/wp-json\/wp\/v2\/pages\/7","targetHints":{"allow":["GET"]}}],"collection":[{"href":"https:\/\/hangar.mus.br\/website\/wp-json\/wp\/v2\/pages"}],"about":[{"href":"https:\/\/hangar.mus.br\/website\/wp-json\/wp\/v2\/types\/page"}],"author":[{"embeddable":true,"href":"https:\/\/hangar.mus.br\/website\/wp-json\/wp\/v2\/users\/1"}],"replies":[{"embeddable":true,"href":"https:\/\/hangar.mus.br\/website\/wp-json\/wp\/v2\/comments?post=7"}],"version-history":[{"count":0,"href":"https:\/\/hangar.mus.br\/website\/wp-json\/wp\/v2\/pages\/7\/revisions"}],"wp:attachment":[{"href":"https:\/\/hangar.mus.br\/website\/wp-json\/wp\/v2\/media?parent=7"}],"curies":[{"name":"wp","href":"https:\/\/api.w.org\/{rel}","templated":true}]}}